20020
In base 10, what is -465899 - 5?
-465904
In base 6, what is -10334 - -253?
-10041
In base 14, what is -21117 + 4?
-21113
In base 4, what is -1032211011 + 2?
-1032211003
In base 10, what is -2 - -11399?
11397
In base 13, what is 3 + -4334?
-4331
In base 2, what is -11000000100 + -1010011?
-11001010111
In base 15, what is 5 - -55211?
55216
In base 11, what is -328 + -274?
-5a1
In base 14, what is -4 + 2513?
250d
In base 5, what is 31 - 30000?
-24414
In base 3, what is -100222211012 + 2?
-100222211010
In base 2, what is -10101111101101011111 + 100?
-10101111101101011011
In base 9, what is -30125 - -10?
-30115
In base 15, what is -7 + 4628?
4621
In base 2, what is 100001011001 + -1001?
100001010000
In base 3, what is -2010 - 1212202110?
-1212211120
In base 14, what is 6cb7c - 3?
6cb79
In base 11, what is 1 + 143?
144
In base 6, what is -32 - -440?
404
In base 12, what is -27172 - 3b?
-271b1
In base 3, what is 1111101 + 1100010?
2211111
In base 8, what is 10 + 2215242?
2215252
In base 14, what is -3a041 - -3?
-3a03c
In base 2, what is -10000010111011 + -1010100?
-10000100001111
In base 11, what is aa782 + -2?
aa780
In base 3, what is -22100021 - 110?
-22100201
In base 16, what is -4e474d + 2?
-4e474b
In base 16, what is 1206 + 73?
1279
In base 14, what is -3 - -a648?
a645
In base 14, what is -958d + 15?
-9578
In base 2, what is 110000 + 101000011111110?
101000100101110
In base 9, what is 611 - 612?
-1
In base 7, what is 50 + 53644?
54024
In base 5, what is 12124243 + 14?
12124312
In base 7, what is -544 - 2332?
-3206
In base 8, what is -5047 - 611?
-5660
In base 13, what is -909bb3 - 1?
-909bb4
In base 9, what is -10 + 32861?
32851
In base 8, what is -1060 + -24?
-1104
In base 2, what is 10101111000101011011 + -1?
10101111000101011010
In base 6, what is 3015504 + -2?
3015502
In base 14, what is -34 - -410?
3ba
In base 15, what is 4 + -2bb28?
-2bb24
In base 11, what is -149 + -8?
-156
In base 7, what is -434 - 240?
-1004
In base 7, what is -5 - -135464?
135456
In base 14, what is ca - 12b?
-41
In base 2, what is 10000001011 - 100010?
1111101001
In base 6, what is -130235411 + 1?
-130235410
In base 5, what is -104 + 21201?
21042
In base 7, what is 22052 + -334?
21415
In base 12, what is 211 + -438?
-227
In base 10, what is 51305 + -28?
51277
In base 11, what is 11 - 8145?
-8134
In base 15, what is -28 + -4a44?
-4a6c
In base 9, what is -72223 + -4?
-72227
In base 5, what is -4024033 + -4?
-4024042
In base 2, what is -1011010110100011 + 101100?
-1011010101110111
In base 16, what is 625d8 - -7?
625df
In base 2, what is 1011111111111 + 1110101?
1100001110100
In base 9, what is -12 - 1682?
-1704
In base 11, what is 693a + 52?
6991
In base 12, what is 0 + -14434?
-14434
In base 16, what is 220ad - -3?
220b0
In base 8, what is 14623 - -23?
14646
In base 13, what is -64278 - 7?
-64282
In base 4, what is -3031331 - -22?
-3031303
In base 4, what is 331 - 10332122?
-10331131
In base 12, what is -6198 + -65?
-6241
In base 12, what is -159b - -10?
-158b
In base 2, what is -10 + 101000110001011?
101000110001001
In base 10, what is -23 - 81776?
-81799
In base 14, what is -333 + 193?
-180
In base 6, what is 3 + -13303455?
-13303452
In base 11, what is -24358 - -75?
-24293
In base 5, what is 2404024 - 4?
2404020
In base 4, what is -22030003 - 0?
-22030003
In base 7, what is -31025 + -6?
-31034
In base 6, what is 141545 - 12?
141533
In base 16, what is -84f9 + 0?
-84f9
In base 11, what is 294 + -110?
184
In base 16, what is -34 - -fe?
ca
In base 13, what is 5 + -9655a?
-96555
In base 12, what is 1710 + 5?
1715
In base 3, what is 2 - 220002112?
-220002110
In base 10, what is -63222 + 16?
-63206
In base 7, what is 1 + -53545?
-53544
In base 2, what is 110000100 + -1000101001?
-10100101
In base 16, what is 2 - 1b02?
-1b00
In base 7, what is -4 - -14223?
14216
In base 9, what is 3444 + 702?
4246
In base 11, what is -3 - -592310?
592308
In base 6, what is 2 - -123355?
123401
In base 8, what is 7110543 - -3?
7110546
In base 6, what is -3412 + 201?
-3211
In base 6, what is -110203 + -12?
-110215
In base 13, what is 2 - 2298?
-2296
In base 14, what is -2abb7 + -4?
-2abbb
In base 8, what is -41 - 266734?
-266775
In base 10, what is -7472 + -13?
-7485
In base 5, what is -4111020213 + -2?
-4111020220
In base 7, what is 1035165 + -20?
1035145
In base 14, what is -9d + -13c?
-1db
In base 4, what is 132313 - -13?
132332
In base 11, what is 726 - -118?
843
In base 6, what is 10 - 1525034?
-1525024
In base 13, what is 3a56 + -9?
3a4a
In base 9, what is 10 - 38864?
-38854
In base 2, what is -101100110110111 + -100?
-101100110111011
In base 5, what is -230043 + -402?
-231000
In base 5, what is -30120 + -3?
-30123
In base 9, what is -725 + -550?
-1375
In base 7, what is -1223123 - 5?
-1223131
In base 8, what is -5 - 1666?
-1673
In base 4, what is -1332112 - 2?
-1332120
In base 15, what is -14b7 + -50?
-1517
In base 2, what is -110111100111101 + -1?
-110111100111110
In base 7, what is -1 - 3011431?
-3011432
In base 12, what is 5 + -6705?
-6700
In base 8, what is 4072 + -5?
4065
In base 10, what is -51168 - -86?
-51082
In base 10, what is -525281 - -4?
-525277
In base 10, what is 70 - 1157?
-1087
In base 8, what is -1113 - 217?
-1332
In base 5, what is 24 + 14312?
14341
In base 9, what is -3 + -181218?
-181222
In base 3, what is 12 + 210212202?
210212221
In base 3, what is -20212 - 2200122?
-2221111
In base 3, what is -1100012012 + 121?
-1100011121
In base 15, what is 5 + -682?
-67c
In base 11, what is 7a241 + 4?
7a245
In base 9, what is -51 + 140520?
140458
In base 13, what is -4 + 261b?
2617
In base 2, what is -11 - -1011111101011011110?
1011111101011011011
In base 4, what is -1022121 - -31100?
-331021
In base 12, what is 4 - 231010?
-231008
In base 6, what is -1 - -14055105?
14055104
In base 2, what is 1011111 - 1010110?
1001
In base 8, what is 2007430 - -1?
2007431
In base 14, what is -2 + 5393?
5391
In base 13, what is -2 - -35a8a7?
35a8a5
In base 12, what is 4 - -a335?
a339
In base 5, what is -23 + 4043102?
4043024
In base 9, what is -37516 - -12?
-37504
In base 12, what is -23621 - 3?
-23624
In base 10, what is -1 - -84823?
84822
In base 5, what is 4104 + 1241?
10400
In base 12, what is 1 - 2279?
-2278
In base 10, what is 3393 - -67?
3460
In base 4, what is 2 + 32232322?
32232330
In base 8, what is 1031 - -5020?
6051
In base 6, what is -2 + 102300?
102254
In base 2, what is 1010110 - 1011000010?
-1001101100
In base 3, what is 20102112112 + -11?
20102112101
In base 4, what is 32332 - 21111?
11221
In base 3, what is -1011 + -1000101100?
-1000102111
In base 6, what is -223213302 + -2?
-223213304
In base 5, what is -11 - 4240323?
-4240334
In base 12, what is -78b96 - 8?
-78ba2
In base 6, what is -2 + -345?
-351
In base 2, what is 11111001100010 + 0?
11111001100010
In base 14, what is -8605 + -3?
-8608
In base 5, what is -2414021 + -2?
-2414023
In base 11, what is -2641 - 22?
-2663
In base 4, what is -1 + 1000121?
1000120
In base 11, what is a87 + -2485?
-14a9
In base 9, what is 13062 + 6?
13068
In base 3, what is -12 + 211102002?
211101220
In base 11, what is 9 + -3a161?
-3a153
In base 3, what is -2002011 + 1020?
-2000221
In base 15, what is -21e9e + 4?
-21e9a
In base 12, what is 1 + -3a9594?
-3a9593
In base 3, what is 1201 + -1202220?
-1201012
In base 7, what is -155305 - -4?
-155301
In base 11, what is 314a3 - 3?
314a0
In base 8, what is -152 - -6464?
6312
In base 16, what is -4 + 86620?
8661c
In base 10, what is 8945595 - 1?
8945594
In base 11, what is -3 + -479?
-481
In base 9, what is -88644 + 3?
-88641
In base 12, what is 177 + 149b?
1656
In base 2, what is 1111 + 10010000?
10011111
In base 2, what is -100000101100 - -10?
-100000101010
In base 5, what is -10103202 + -4?
-10103211
In base 14, what is 4073 + 27?
409a
In base 5, what is -14340111 - 0?
-14340111
In base 14, what is 22031 + -33?
21ddc
In base 4, what is -12233233 - -223?
-12233010
In base 15, what is 21e3 + 9?
21ec
In base 6, what is -5 + -35152?
-35201
In base 6, what is 10 + -25001?
-24551
In base 5, what is -14 + 14312?
14243
In base 7, what is -353101 - 2?
-353103
In base 5, what is 200 + -11100330?
-11100130
In base 6, what is 3035524 - -2?
3035530
In base 3, what is 21202012101 + 120?
21202012221
In b